 the prime factors of 563384.
2, 70423
What are the prime factors of 6316564?
2, 1579141
What are the prime factors of 8083573?
1777, 4549
What are the prime factors of 204645?
3, 5, 7, 1949
What are the prime factors of 227148?
2, 3, 23, 823
List the prime factors of 1041023.
647, 1609
What are the prime factors of 4917984?
2, 3, 51229
List the prime factors of 218247.
3, 23, 3163
What are the prime factors of 1603723?
11, 31, 4703
List the prime factors of 150063.
3, 50021
List the prime factors of 909829.
909829
What are the prime factors of 3282157?
929, 3533
What are the prime factors of 2913634?
2, 127, 11471
What are the prime factors of 21906395?
5, 7, 101, 6197
List the prime factors of 1928030.
2, 5, 13, 14831
What are the prime factors of 792154?
2, 11, 36007
List the prime factors of 308094.
2, 3, 51349
What are the prime factors of 358169?
7, 19, 2693
What are the prime factors of 173356?
2, 19, 2281
What are the prime factors of 11891846?
2, 47, 73, 1733
List the prime factors of 1471461.
3, 73, 6719
List the prime factors of 14709871.
11, 1337261
What are the prime factors of 2272662?
2, 3, 7, 17, 1061
What are the prime factors of 234185?
5, 7, 6691
What are the prime factors of 1490123?
1013, 1471
What are the prime factors of 213105?
3, 5, 14207
List the prime factors of 2658662.
2, 23, 29, 1993
List the prime factors of 10818359.
109, 99251
List the prime factors of 109498.
2, 53, 1033
What are the prime factors of 1432419?
3, 47, 10159
What are the prime factors of 13291166?
2, 7, 59, 16091
List the prime factors of 512355.
3, 5, 34157
List the prime factors of 1814262.
2, 3, 61, 4957
What are the prime factors of 547240?
2, 5, 13681
List the prime factors of 1911141.
3, 70783
What are the prime factors of 3872784?
2, 3, 80683
What are the prime factors of 6187875?
3, 5, 29, 569
List the prime factors of 104878.
2, 41, 1279
List the prime factors of 1565607.
3, 521869
List the prime factors of 2657955.
3, 5, 79, 2243
What are the prime factors of 8696624?
2, 543539
List the prime factors of 33182.
2, 47, 353
List the prime factors of 2428822.
2, 11, 113, 977
What are the prime factors of 257836?
2, 73, 883
List the prime factors of 183183.
3, 7, 11, 13, 61
List the prime factors of 292104.
2, 3, 4057
List the prime factors of 3309721.
3309721
List the prime factors of 880361.
880361
What are the prime factors of 5047643?
5047643
List the prime factors of 9713395.
5, 661, 2939
What are the prime factors of 1519281?
3, 29, 5821
List the prime factors of 8547637.
7, 509, 2399
List the prime factors of 798761.
167, 4783
List the prime factors of 3372237.
3, 11, 23, 1481
What are the prime factors of 27435616?
2, 13, 65951
What are the prime factors of 469526?
2, 31, 7573
List the prime factors of 554674.
2, 463, 599
List the prime factors of 493910.
2, 5, 49391
What are the prime factors of 782281?
59, 13259
What are the prime factors of 2534179?
2534179
List the prime factors of 3099781.
29, 89, 1201
List the prime factors of 191752.
2, 11, 2179
What are the prime factors of 229692?
2, 3, 19141
List the prime factors of 768759.
3, 19, 13487
List the prime factors of 16049860.
2, 5, 23, 37, 41
What are the prime factors of 121985?
5, 31, 787
List the prime factors of 136805.
5, 27361
What are the prime factors of 17607446?
2, 2207, 3989
List the prime factors of 2744098.
2, 7, 28001
List the prime factors of 3742583.
13, 23, 12517
What are the prime factors of 2505370?
2, 5, 7, 5113
List the prime factors of 1816825.
5, 72673
What are the prime factors of 2536168?
2, 317021
What are the prime factors of 79889?
79889
What are the prime factors of 156760?
2, 5, 3919
What are the prime factors of 1897900?
2, 5, 18979
What are the prime factors of 3549931?
7, 11, 46103
What are the prime factors of 2805894?
2, 3, 7, 13, 571
What are the prime factors of 33072?
2, 3, 13, 53
List the prime factors of 1443820.
2, 5, 7, 10313
List the prime factors of 4240429.
17, 249437
List the prime factors of 1018979.
13, 103, 761
What are the prime factors of 709428?
2, 3, 59119
What are the prime factors of 6497608?
2, 13, 62477
What are the prime factors of 2692231?
37, 72763
List the prime factors of 347743.
11, 101, 313
List the prime factors of 923425.
5, 43, 859
List the prime factors of 2553437.
23, 67, 1657
List the prime factors of 2493938.
2, 139, 8971
What are the prime factors of 37835646?
2, 3, 863, 7307
What are the prime factors of 1725814?
2, 862907
What are the prime factors of 370585?
5, 137, 541
List the prime factors of 12886328.
2, 7, 13, 31, 571
What are the prime factors of 2913715?
5, 7, 17, 59, 83
What are the prime factors of 550636?
2, 137659
What are the prime factors of 907121?
103, 8807
What are the prime factors of 160470?
2, 3, 5, 1783
List the prime factors of 195167.
7, 569
List the prime factors of 15602544.
2, 3, 4013
List the prime factors of 2015379.
3, 61, 3671
List the prime factors of 54011.
54011
List the prime factors of 738217.
738217
List the prime factors of 483071.
483071
List the prime factors of 4414519.
4414519
What are the prime factors of 5206323?
3, 19, 241, 379
List the prime factors of 242611.
19, 113
List the prime factors of 18359629.
18359629
What are the prime factors of 13447073?
13447073
What are the prime factors of 101556?
2, 3, 7, 13, 31
List the prime factors of 2459558.
2, 113, 10883
List the prime factors of 3502571.
3502571
What are the prime factors of 43704?
2, 3, 607
What are the prime factors of 421766?
2, 227, 929
List the prime factors of 413811.
3, 45979
List the prime factors of 1062880.
2, 5, 7, 13, 73
List the prime factors of 10344168.
2, 3, 143669
List the prime factors of 17665787.
4049, 4363
What are the prime factors of 5775752?
2, 41, 17609
List the prime factors of 800371.
11, 13, 29, 193
What are the prime factors of 9343435?
5, 1868687
What are the prime factors of 169354?
2, 17, 293
List the prime factors of 112535.
5, 71, 317
What are the prime factors of 2896089?
3, 7, 137909
What are the prime factors of 3549943?
89, 39887
List the prime factors of 188018.
2, 94009
List the prime factors of 878375.
5, 7027
What are the prime factors of 2785719?
3, 241, 3853
List the prime factors of 3237231.
3, 1079077
What are the prime factors of 1132394?
2, 223, 2539
What are the prime factors of 10899620?
2, 5, 271, 2011
List the prime factors of 13478602.
2, 6739301
What are the prime factors of 1570234?
2, 29, 27073
List the prime factors of 12865547.
2129, 6043
List the prime factors of 257199.
3, 85733
What are the prime factors of 240853?
240853
List the prime factors of 2233484.
2, 11, 23, 2207
What are the prime factors of 3324062?
2, 7, 107, 317
List the prime factors of 803809.
439, 1831
What are the prime factors of 590484?
2, 3, 49207
List the prime factors of 7164001.
13, 73, 7549
What are the prime factors of 3467676?
2, 3, 288973
What are the prime factors of 14371445?
5, 11, 31, 8429
What are the prime factors of 18737491?
919, 20389
List the prime factors of 8692184.
2, 1086523
List the prime factors of 990756.
2, 3, 13, 29, 73
What are the prime factors of 1033851?
3, 7, 13, 541
What are the prime factors of 3345983?
953, 3511
List the prime factors of 166993.
41, 4073
List the prime factors of 3092301.
3, 343589
What are the prime factors of 215381?
215381
What are the prime factors of 242239?
37, 6547
List the prime factors of 2284583.
7, 326369
What are the prime factors of 8988755?
5, 1797751
What are the prime factors of 5476203?
3, 59, 10313
List the prime factors of 107539.
31, 3469
What are the prime factors of 8476397?
23, 368539
What are the prime factors of 312541?
53, 5897
What are the prime factors of 7880745?
3, 5, 337, 1559
List the prime factors of 75412.
2, 17, 1109
What are the prime factors of 7293803?
11, 359, 1847
What are the prime factors of 2589289?
2589289
What are the prime factors of 33483?
3, 11161
List the prime factors of 3224769.
3, 1074923
What are the prime factors of 1276679?
1276679
List the prime factors of 90382.
2, 45191
What are the prime factors of 449525?
5, 17981
List the prime factors of 38503472.
2, 7, 23, 14947
List the prime factors of 144908.
2, 17, 2131
What are the prime factors of 4804993?
4804993
Wh